52 a factor of 426?
False
Does 13 divide 1520?
False
Is 7 a factor of 110?
False
Is 59 a factor of 43321?
False
Does 188 divide 7896?
True
Is 23 a factor of 1853?
False
Does 46 divide 1134?
False
Is 3208 a multiple of 23?
False
Is 4 a factor of 3777?
False
Does 99 divide 1881?
True
Is 2016 a multiple of 24?
True
Is 14 a factor of 11886?
True
Does 18 divide 262?
False
Is 29 a factor of 28420?
True
Is 1395 a multiple of 3?
True
Is 564 a multiple of 12?
True
Does 19 divide 752?
False
Does 9 divide 593?
False
Does 41 divide 55?
False
Is 5 a factor of 40?
True
Is 4 a factor of 1150?
False
Is 3872 a multiple of 22?
True
Is 565 a multiple of 113?
True
Is 249 a factor of 13446?
True
Does 139 divide 90211?
True
Is 3 a factor of 42?
True
Is 1518 even?
True
Is 1300 a multiple of 100?
True
Is 624 a multiple of 48?
True
Does 160 divide 18720?
True
Is 34255 a multiple of 155?
True
Does 16 divide 137?
False
Is 72 a factor of 5933?
False
Is 7 a factor of 8429?
False
Is 89 a factor of 19704?
False
Is 1125 a multiple of 15?
True
Is 18128 a multiple of 88?
True
Is 3780 a multiple of 42?
True
Is 3696 a multiple of 12?
True
Is 9 a factor of 702?
True
Does 28 divide 5022?
False
Does 7 divide 1962?
False
Does 97 divide 1843?
True
Is 183 a multiple of 18?
False
Does 10 divide 250?
True
Does 35 divide 2240?
True
Does 9 divide 1962?
True
Is 6 a factor of 10601?
False
Is 9382 a multiple of 97?
False
Is 25 a factor of 2179?
False
Is 341 a multiple of 3?
False
Does 60 divide 10780?
False
Is 43 a factor of 4683?
False
Does 11 divide 32?
False
Does 56 divide 1736?
True
Is 76 a factor of 3408?
False
Is 30 a factor of 598?
False
Does 3 divide 41?
False
Is 11084 a multiple of 125?
False
Is 127 a factor of 2667?
True
Is 6579 a multiple of 51?
True
Is 87 a factor of 452?
False
Is 29 a factor of 2928?
False
Does 6 divide 2556?
True
Is 29 a factor of 941?
False
Is 10 a factor of 4380?
True
Is 16 a factor of 13281?
False
Is 75 a factor of 2252?
False
Is 9 a factor of 72?
True
Is 424 a multiple of 106?
True
Is 25586 a multiple of 11?
True
Is 45 a factor of 2099?
False
Is 12 a factor of 40?
False
Is 14 a factor of 339?
False
Is 126 a factor of 9954?
True
Is 38 a factor of 1457?
False
Does 37 divide 785?
False
Is 6 a factor of 1229?
False
Is 60502 a multiple of 169?
True
Is 795 a multiple of 5?
True
Is 6554 a multiple of 106?
False
Is 558 a multiple of 31?
True
Is 548 a multiple of 7?
False
Is 6598 a multiple of 2?
True
Is 80 a multiple of 5?
True
Is 2 a factor of 602?
True
Is 24042 a multiple of 105?
False
Does 13 divide 2607?
False
Is 2 a factor of 15521?
False
Does 16 divide 608?
True
Does 38 divide 760?
True
Is 17 a factor of 3424?
False
Is 3192 a multiple of 114?
True
Does 46 divide 33581?
False
Is 36 a factor of 229?
False
Does 21 divide 933?
False
Is 30 a factor of 69054?
False
Is 36 a factor of 648?
True
Is 8 a factor of 108?
False
Does 204 divide 25908?
True
Is 5 a factor of 874?
False
Does 10 divide 1210?
True
Does 9 divide 138?
False
Is 1358 a multiple of 97?
True
Is 1311 a multiple of 57?
True
Does 108 divide 402?
False
Does 26 divide 773?
False
Is 14 a factor of 258?
False
Does 21 divide 2467?
False
Is 36 a factor of 936?
True
Is 381 even?
False
Does 11 divide 277?
False
Does 3 divide 1477?
False
Is 574 a multiple of 14?
True
Does 99 divide 1606?
False
Does 154 divide 103488?
True
Does 33 divide 2315?
False
Does 39 divide 483?
False
Is 25 a factor of 18302?
False
Does 14 divide 4556?
False
Does 20 divide 800?
True
Is 21 a factor of 966?
True
Does 13 divide 4472?
True
Is 9 a factor of 13?
False
Is 112 a multiple of 8?
True
Is 25 a factor of 60775?
True
Is 47 a factor of 962?
False
Is 840 a multiple of 35?
True
Is 4275 a multiple of 33?
False
Is 25 a factor of 725?
True
Is 11 a factor of 1159?
False
Does 12 divide 108?
True
Is 4 a factor of 7096?
True
Does 28 divide 12096?
True
Does 3 divide 131?
False
Is 1274 a multiple of 49?
True
Does 11 divide 198?
True
Is 21 a factor of 2163?
True
Is 1340 a multiple of 20?
True
Is 1384 a multiple of 4?
True
Is 69 a factor of 9598?
False
Is 30 a factor of 49832?
False
Is 1587 a multiple of 7?
False
Is 51062 a multiple of 15?
False
Does 10 divide 265?
False
Is 46 a factor of 1226?
False
Is 752 a multiple of 16?
True
Is 182732 a multiple of 45?
False
Does 55 divide 1848?
False
Is 8 a factor of 97?
False
Does 128 divide 39625?
False
Is 19242 a multiple of 18?
True
Is 63 a factor of 768?
False
Is 1028 a multiple of 4?
True
Is 1065 a multiple of 15?
True
Does 2 divide 111?
False
Is 4 a factor of 9449?
False
Is 29833 a multiple of 14?
False
Is 19 a factor of 342?
True
Is 11 a factor of 2876?
False
Does 26 divide 5876?
True
Is 3000 a multiple of 25?
True
Does 51 divide 31977?
True
Does 17 divide 16337?
True
Is 70 a factor of 20160?
True
Does 40 divide 33753?
False
Does 9 divide 4122?
True
Does 25 divide 4426?
False
Does 82 divide 5262?
False
Is 671 a multiple of 11?
True
Is 425 a multiple of 5?
True
Does 22 divide 896?
False
Does 50 divide 50?
True
Is 36 a factor of 3348?
True
Is 72 a factor of 4617?
False
Is 5 a factor of 200?
True
Does 35 divide 63346?
False
Is 14839 a multiple of 71?
True
Is 1667 a multiple of 30?
False
Is 5 a factor of 978?
False
Does 39 divide 12909?
True
Is 936 a multiple of 6?
True
Is 156 a factor of 3744?
True
Is 305 a multiple of 3?
False
Is 42 even?
True
Is 36 a factor of 7740?
True
Is 29 a factor of 11513?
True
Is 1364 a multiple of 26?
False
Does 3 divide 1380?
True
Is 37344 a multiple of 8?
True
Is 327 a multiple of 2?
False
Is 1524 a multiple of 12?
True
Does 78 divide 1872?
True
Is 525 a multiple of 105?
True
Is 1540 a multiple of 70?
True
Does 10 divide 2810?
True
Does 3 divide 14679?
True
Does 17 divide 143?
False
Is 36 a multiple of 29?
False
Does 58 divide 16209?
False
Does 73 divide 6789?
True
Does 5 divide 1915?
True
Is 460 a multiple of 10?
True
Is 232 a factor of 57784?
False
Does 11 divide 297?
True
Is 6 a factor of 4290?
True
Is 32 a factor of 236?
False
Is 132 a multiple of 4?
True
Is 1627 a multiple of 51?
False
Is 20 a factor of 1131?
False
Is 5 a factor of 145?
True
Is 231 a multiple of 3?
True
Does 20 divide 31240?
True
Is 4 a factor of 664?
True
Does 4 divide 6117?
False
Does 7 divide 15118?
False
Is 140 a multiple of 4?
True
Is 17 a factor of 26521?
False
Is 11584 a multiple of 22?
False
Is 56 a multiple of 4?
True
Is 1609 a multiple of 16?
False
Is 174 a multiple of 58?
True
Is 11880 a multiple of 135?
True
Is 5120 a multiple of 19?
False
Does 10 divide 37280?
True
Is 22 a factor of 484?
True
Is 134 a factor of 8576?
True
Does 24 divide 86304?
True
Is 3 a factor of 378?
True
Does 28 divide 2778?
False
Does 9 divide 8882?
False
Is 6396 a multiple of 156?
True
Is 9 a factor of 10478?
False
Is 12348 a multiple of 40?
False
Does 5 divide 375?
True
Is 25 a factor of 304?
False
Is 11286 a multiple of 54?
True
Is 541 even?
False
Is 9375 a multiple of 25?
True
Is 5 a factor of 972?
False
Is 265 a multiple of 43?
False
Does 12 divide 744?
True
Is 111 a multiple of 13?
False
Does 32 divide 2113?
False
Is 646 a multiple of 17?
True
Is 46 a factor of 1350?
False
Does 16 divide 5120?
True
Is 882 a multiple of 35?
False
Is 47784 a multiple of 22?
True
Is 60 a multiple of 15?
True
Is 7 a factor of 1778?
True
Does 7 divide 1105?
False
Does 7 divide 6095?
False
Does 14 divide 1425?
False
Is 10 a factor of 774?
False
Does 16 divide 10304?
True
Does 3 divide 1104?
True
Does 252 divide 43092?
True
Is 1031 a multiple of 34?
False
Does 42 divide 374?
False
Is 15984 a multiple of 6?
True
Is 3 a factor of 1361?
False
Is 3 a factor of 121?
False
Is 10 a factor of 29188?
False
Is 445 a multiple of 89?
True
Is 16477 a multiple of 103?
False
Does 39 divide 145?
False
Is 13099 a multiple of 45?
False
Is 47 a factor of 5217?
True
Is 4498 a multiple of 33?
False
Does 21 divide 388?
False
Is 6042 a multiple of 38?
True
Is 9 a factor of 213?
False
Does 25 divide 275?
True
Is 10 a factor of 52501?
False
Is 2596 a multiple of 44?
True
Is 85 a multiple of 8?
False
Is 9 a factor of 4471?
False
Does 4 divide 9031?
False
Is 188 a multiple of 10?
False
Does 26 divide 2117?
False
Is 48 a factor of 16656?
True
Is 419 a multiple of 2?
False
Does 7 divide 1434?
False
Does 37 divide 552?
False
Does 93 divide 18321?
True
Is 7 a factor